
Suppose -3*k - 2*k = -5. Suppose 4*g + k = 9. Let l(f) = -4*f**g + 1 - 4*f**2 - f**3 + 2*f**2. Determine l(-6).
1
Suppose 53*f - 6 = 4*n + 51*f, 2*n + f + 1 = 0. Let a(x) = -x - 1 + 5*x - 3*x. What is a(n)?
-2
Suppose -3*g + 9 = 5*r, -87*r = 3*g - 89*r - 9. Let w(i) = -2*i**2 + i - 4. What is w(g)?
-19
Suppose -2*x - 2*x + k + 21 = 0, -3*x + 4*k = -32. Suppose h + 10 = 3*h - 4*o, -13 = -5*h + x*o. Let i(l) = 3*l**3 - l**2. What is i(h)?
2
Let j(l) = l**3 + l**2 + l. Let u(r) = -3*r**3 + 4*r**2 - 7. Let c(t) = -2*j(t) - u(t). Let m = -14 + 20. Give c(m).
-5
Let t(w) = w - 3. Let x be t(6). Suppose 4*g = -4*f + x*f - 12, 5*g + 15 = 3*f. Suppose f = -8*y + 3*y. Let m(u) = u**2 + u - 3. Determine m(y).
-3
Let g(x) = -x - 6. Suppose 2*p - p = 24. Suppose -p = -5*w + 9*w. Give g(w).
0
Let k(y) = y**2 - 3*y - 16. Let s be k(9). Suppose -3*z = -4*b - s, z + 3*b - 2 + 11 = 0. Let w(x) = -x**2 - x**3 + x**2 + 1 - z*x**2 - 5*x. Calculate w(-4).
-11
Let o be 3*57/72 - (-30)/(-80). Let t(d) be the second derivative of 5/3*d**3 + 0 + 3*d + 1/2*d**o. Give t(-1).
-9
Suppose -13*j = -12*j - 3. Let p(a) = -4*a**3 - 2*a + 0*a**3 + 5*a**2 + 2*a**3 - 3 + j*a**3. Give p(-5).
7
Let t be 4 + ((-5)/(-20))/(2/8). Let x(m) = -2*m + 6. What is x(t)?
-4
Let u(s) = -s**2 - 5*s - 6. Let b(i) = -i**2 + 23*i - 7. Let t be b(24). Let n = t - -26. Give u(n).
-6
Let s(x) = -4*x - 1. Let n be s(-2). Suppose -1 - 2 = r + 4*z, 42 = 4*r - 2*z. Let l(m) = r - 35*m + 19*m + 15*m. What is l(n)?
2
Let j(n) = 3*n**2 - 9*n + 1. Suppose -30*t = -21*t - 54. Give j(t).
55
Let n(m) = -m - 1. Let k(o) be the first derivative of o**2/2 - 4*o - 10. Let t be k(6). Calculate n(t).
-3
Let q(d) be the first derivative of d**2 - 7*d + 1. Suppose -9*i - 15 = -6*i. Give q(i).
-17
Let j be 8/((-16)/7) - 6/4. Let z(b) = -8*b - 4. Calculate z(j).
36
Let v(q) be the third derivative of -q**5/30 + q**4/24 + q**3/3 - 97*q**2. Let p be (-2 - 1)/((-3)/(-2)). Calculate v(p).
-8
Let j(z) be the second derivative of -12*z - 1/4*z**4 + 0 + 1/60*z**5 + 1/3*z**3 - 5*z**2. Let v(m) be the first derivative of j(m). Give v(3).
-7
Let x(l) = 13*l**2 + 5*l - 11. Let q(d) = -6*d**2 - 3*d + 5. Let u(z) = -9*q(z) - 4*x(z). What is u(-4)?
3
Let h = -9 + 3. Let t be (-17 + 0)/((-4)/12). Let f(v) = v**2 + t - 51 + 6*v. Calculate f(h).
0
Let a(r) = -2*r**2 - 12*r + 2. Let t be a(-6). Let b(o) = -3*o**3 + 2*o**2 - o - 1. Give b(t).
-19
Let d(b) = -10*b + 10 - 20 + 5*b + 19. Calculate d(4).
-11
Let g be 222/(-30) - 6/10. Let t(r) = -4*r - 27. Determine t(g).
5
Let k(b) = -b**2 + 1. Let v(x) = 13*x**2 + 5*x - 13. Let n(q) = 32*q**2 + 12*q - 32. Let j(t) = -5*n(t) + 12*v(t). Let r(z) = j(z) - 6*k(z). Give r(3).
16
Suppose -3*f + 10 - 1 = 0. Let s(n) = 3*n**2 - 4 - 5*n - 64*n**3 + 3*n**2 + 63*n**f. Suppose 0 = -u + 5 - 1. Give s(u).
8
Let o(g) = g**3 + 9*g**2 - 8*g + 17. Let q(d) = -2*d**2 + d + 26. Let a be q(-4). Determine o(a).
-3
Let q be (91/21 - 5)*30/4. Let i(r) = -r**2 - 5*r - 2. Determine i(q).
-2
Let n(w) = -47*w - 16. Let m(f) = -225*f - 81. Let p(z) = 5*m(z) - 24*n(z). Calculate p(9).
6
Let z(c) be the first derivative of 5*c**3/3 - c**2 - c + 8. Let t(f) = -19*f**2 + 9*f + 5. Let x(l) = -2*t(l) - 9*z(l). Let d = -35 - -36. Give x(d).
-8
Let j = -18 - -25. Let y(p) = p**2 + 0*p**2 - 6 + j*p - 7*p. Let x = 8 + -8. Give y(x).
-6
Let x(y) = 0*y**2 - 2 - 6 + 307*y - 145*y - 149*y - y**2. Determine x(13).
-8
Let m(l) be the first derivative of 7/2*l**2 + 5*l + 29 + 1/3*l**3. Calculate m(-5).
-5
Let f = 34 + -49. Let d = f + 9. Let k(u) = -2*u - 9. Give k(d).
3
Let r(m) be the first derivative of -m - 4. Let i(u) = -u. Let t(q) = i(q) - 3*r(q). Calculate t(-3).
6
Let a(w) be the third derivative of w**5/20 - w**4/8 - w**3/3 - 76*w**2. Give a(-2).
16
Let p(q) = q**3 - 4*q**2 - 4*q - 3. Let h = 48 + -44. Suppose 2*f - z = 3*f - 6, -h*f - 2*z + 22 = 0. Calculate p(f).
2
Let v(i) = i**3 + 11*i**2 + i + 22. Let r(d) = -24*d + 13. Let x be r(1). Give v(x).
11
Let u(j) = -j**2 - 8*j - 5. Suppose -2*w - 1 - 1 = 0. Let g be ((-96)/(-6))/(1*w). Let r = -22 - g. Determine u(r).
7
Let u(v) be the third derivative of -v**6/60 - v**5/60 + v**4/24 - v**3/2 - 50*v**2 + 4. What is u(-3)?
39
Let w be (-2 + 2)/(-7 + 5). Let j(l) = -7*l + 3*l + 3 + w*l**2 - 3*l**2. Let r(m) = 4*m**2 + 4*m - 4. Let g(v) = -3*j(v) - 2*r(v). What is g(-4)?
-1
Suppose 0 = -10*l + 4 - 64. Let a(u) = 7*u - 5. Let g(m) = -8*m + 6. Let c(t) = l*g(t) - 7*a(t). Determine c(-3).
2
Suppose 5*c - 77 - 78 = 0. Let d(x) = -30*x**2 + c*x**2 - 2 + 2*x - 1 - 1. Determine d(-3).
-1
Let w(a) = 21*a + 12 - 35*a - 12*a**2 + a**3 + 22*a. Give w(11).
-21
Let g(u) = u**3 - u**2 + 3*u - 5. Suppose -18 = -7*o + 17. Let h(f) = -2*f**3 + 3*f**2 - 6*f + 9. Let q(w) = o*g(w) + 3*h(w). Give q(3).
2
Let r(t) = t**2 + 1. Suppose -2*b = -35 - 21. Let c = 32 + -4. Let l = b - c. Determine r(l).
1
Let b(u) be the first derivative of -u**4/4 + 7*u**3/3 - 7*u**2/2 + 4*u - 81. Give b(6).
-2
Let j(r) = -2*r**2 + 2*r. Let d(p) = 7*p**2 - 7*p - 2. Let o(v) = d(v) + 4*j(v). Give o(2).
-4
Suppose 0 = -9*q + 4 - 40. Let z(x) = x**3 + 2*x**2 - 7*x + 5. What is z(q)?
1
Let c = -95 + -59. Let g be (-434)/c + (-4)/(-22). Let f(w) = w**3 - 4*w**2 + 2*w + 4. Calculate f(g).
1
Suppose 0 = w - 4*d - 10, -43*w + 4*d = -41*w - 12. Let b(c) = c**3 - 4*c**2 + 6*c + 1. Calculate b(w).
5
Let q(v) = v**3 - 12*v**2 + 10*v + 8. Let i be q(11). Let l(z) = -3 - 3*z - 27*z + 26*z. Calculate l(i).
9
Let o(c) = -2*c**2 - 4*c - 2. Let z = 7 - -1. Let r be 2*2*18/z. Let f be 4/(-18) - 25/r. Calculate o(f).
-8
Let f(q) be the second derivative of -5*q**3/6 - 11*q**2/2 + 583*q. Give f(-2).
-1
Let x = 15 - 7. Suppose x*m + 12 = 11*m. Let o(z) = -1 + m*z + 3*z - 5*z. Determine o(1).
1
Let h(o) be the first derivative of 7/2*o**2 - 3*o + 13 - 1/3*o**3. Determine h(6).
3
Let u = 10 + -6. Let w be ((-65)/52)/((-1)/u). Suppose 0 = -5*q - 2*h + 32, 3*h - w + 2 = 0. Let a(j) = -j**3 + 6*j**2 - j + 8. Determine a(q).
2
Let u(l) = l**3 - 7*l**2 + 2. Let x be u(7). Let j = 13 - 10. Let g(c) = -c**3 - 7*c - j*c**x - 4 - 3*c**2 + 0*c**3. What is g(-4)?
-8
Let p = 5 + 2. Let w(g) = -5*g**2 - 113 + 112 - p*g + 4*g**2. What is w(-5)?
9
Let c(a) be the third derivative of -a**5/60 + a**4/8 + 7*a**3/6 + 2*a**2. Let h(g) = 10*g + 16. Let w be h(-1). Give c(w).
-11
Suppose 0 = 3*l - 4 - 8. Let p(r) be the first derivative of -r**4/24 + 5*r**3/6 + 5*r**2/2 + 5. Let v(b) be the second derivative of p(b). Calculate v(l).
1
Let b(i) = -i**3 + 3*i**2 + 3*i - 4. Let v be b(3). Suppose 0 = 4*f + f + v*j + 115, -3*j - 117 = 5*f. Let w = f + 28. Let o(r) = r + 5. Give o(w).
9
Suppose 22*y + q = 19*y - 2, -4*y - 8 = 4*q. Let d(t) be the first derivative of -t**3/3 + t**2/2 - 8*t + 2. Determine d(y).
-8
Let l(k) = 4*k**2 - k. Let x be l(1). Let u(m) = -2*m - x*m + 0*m**2 + 2 + m**2. Determine u(2).
-4
Let u(t) be the second derivative of t**3/6 - 2*t**2 - t. Suppose -4*w + 16 = -4*y, -2*w = 3*w - 2*y - 14. Let a be w - 7/(14/(-6)). What is u(a)?
1
Let i(g) be the second derivative of -g**5/20 + g**3/3 - g**2/2 - 114*g. Calculate i(2).
-5
Let m = 961 - 960. Let x(j) = 0*j**3 - 1 - 3*j**3 - 2*j**3. What is x(m)?
-6
Let k(b) be the third derivative of b**5/60 + b**4/6 + 5*b**3/6 + 10*b**2 - 1. Let q = 10 + -14. Calculate k(q).
5
Let u(g) be the second derivative of -g**4/12 - g**3/6 + g**2/2 + 2*g. Let x be (8/(-5))/(15 - 1387/95). Determine u(x).
-11
Let c(y) = -7*y - 4*y - 6*y + 29*y + 5 - 9*y. Give c(-2).
-1
Suppose 0 = -6*t + 37 + 77. Suppose 15*u + 24 = t*u. Let h(n) = n**2 - 4*n - 8. Give h(u).
4
Suppose 1 = -2*p + 5. Let r(x) = 13*x - 7*x + 1 - 2*x - p. Calculate r(-2).
-9
Let o(k) = -2*k**2 + 3*k**2 - k - k**3 + 2*k + 1. Suppose -4*v + 0*j = -2*j - 264, 4*j = 2*v - 132. Suppose 4*f = -58 + v. Determine o(f).
-1
Let f be ((-6)/8)/(63/420). Let z(v) = -v**3 - 5*v**2 + 4*v - 5. Give z(f).
-25
Let b(k) be the first derivative of -k**4/4 + 4*k**3/3 - k**2 + 2*k - 17. Let l be b(4). Let m(c) = -c**3 - 6*c**2 + 3*c + 4. Give m(l).
-14
Let j(p) = -8 - 3 + 4 - 2*p. Let a(m) = -3*m - 7. Let c(r) = 3*a(r) - 4*j(r). Let w = 103 - 103. Determine c(w).
7
Let m(l) = 3*l**3 - l**2 + 12. Let c be m(0). Suppose -2*i - c = 4*o, 5*o + 6 = 2*i + 45. Let q(b) = b**2 + 11*b -